1923.
1914
What is the remainder when 17232598 is divided by 2200?
2198
Calculate the remainder when 792852 is divided by 441.
375
Calculate the remainder when 75438741 is divided by 375.
366
Calculate the remainder when 101045054 is divided by 5833.
5828
What is the remainder when 632213 is divided by 2901?
2696
Calculate the remainder when 1132071 is divided by 130.
31
What is the remainder when 15187051 is divided by 18?
1
Calculate the remainder when 12337569 is divided by 2286.
27
Calculate the remainder when 1502662 is divided by 217.
154
Calculate the remainder when 2909334 is divided by 9206.
238
What is the remainder when 203087 is divided by 101441?
205
Calculate the remainder when 76825 is divided by 25502.
319
What is the remainder when 380440 is divided by 577?
197
What is the remainder when 19368472 is divided by 245?
242
What is the remainder when 28263819 is divided by 1106?
1095
Calculate the remainder when 10350951 is divided by 29916.
15
Calculate the remainder when 59306 is divided by 6927.
3890
What is the remainder when 302297 is divided by 101?
4
What is the remainder when 5024774 is divided by 1004949?
29
Calculate the remainder when 952940 is divided by 190523.
325
What is the remainder when 2024505 is divided by 126522?
153
Calculate the remainder when 74691468 is divided by 35.
33
What is the remainder when 3101566 is divided by 1319?
597
What is the remainder when 1687356 is divided by 423?
9
Calculate the remainder when 143920 is divided by 1332.
64
Calculate the remainder when 436215 is divided by 3793.
20
Calculate the remainder when 25023151 is divided by 1663.
1653
Calculate the remainder when 73179595 is divided by 312.
307
What is the remainder when 1261584 is divided by 180052?
1220
Calculate the remainder when 361346 is divided by 90333.
14
What is the remainder when 5447164 is divided by 155?
154
What is the remainder when 4299492 is divided by 214?
18
What is the remainder when 227220 is divided by 56582?
892
What is the remainder when 6145893 is divided by 351?
234
What is the remainder when 1313558 is divided by 2778?
2342
Calculate the remainder when 5519010 is divided by 2759476.
58
What is the remainder when 420644 is divided by 363?
290
Calculate the remainder when 2011095 is divided by 25.
20
What is the remainder when 6088499 is divided by 1650?
1649
Calculate the remainder when 107597 is divided by 7672.
189
Calculate the remainder when 645329 is divided by 7090.
139
What is the remainder when 6328 is divided by 4768?
1560
Calculate the remainder when 763412 is divided by 190807.
184
Calculate the remainder when 17711885 is divided by 988.
9
Calculate the remainder when 1217929 is divided by 310.
249
Calculate the remainder when 22278 is divided by 121.
14
Calculate the remainder when 103279514 is divided by 391.
383
What is the remainder when 2743578 is divided by 1820?
838
Calculate the remainder when 781574 is divided by 781373.
201
What is the remainder when 145311 is divided by 36051?
1107
What is the remainder when 978417 is divided by 152?
145
What is the remainder when 10253364 is divided by 56?
44
What is the remainder when 2470874 is divided by 44?
10
What is the remainder when 5704144 is divided by 11141?
11093
What is the remainder when 2874061 is divided by 170?
41
Calculate the remainder when 13437 is divided by 303.
105
Calculate the remainder when 1774127 is divided by 92.
91
What is the remainder when 162705 is divided by 162702?
3
Calculate the remainder when 1280585 is divided by 472.
49
What is the remainder when 3671056 is divided by 29?
4
Calculate the remainder when 5831288 is divided by 833026.
106
What is the remainder when 7669944 is divided by 1166?
1162
Calculate the remainder when 544492 is divided by 24749.
14
What is the remainder when 204839 is divided by 34138?
11
Calculate the remainder when 69948 is divided by 1060.
1048
What is the remainder when 59309962 is divided by 21427?
26
Calculate the remainder when 29654204 is divided by 2096.
2092
What is the remainder when 1128565 is divided by 282135?
25
What is the remainder when 14790952 is divided by 2958188?
12
What is the remainder when 983923 is divided by 948?
847
What is the remainder when 1945964 is divided by 12725?
11764
Calculate the remainder when 22220247 is divided by 50.
47
Calculate the remainder when 7632932 is divided by 529.
520
What is the remainder when 53115 is divided by 201?
51
What is the remainder when 503091 is divided by 74?
39
Calculate the remainder when 129892 is divided by 64929.
34
What is the remainder when 352665 is divided by 70530?
15
What is the remainder when 10505371 is divided by 144?
139
Calculate the remainder when 225530 is divided by 19997.
5563
What is the remainder when 714446 is divided by 477?
377
What is the remainder when 1155878430 is divided by 46?
44
Calculate the remainder when 13984458 is divided by 805.
803
Calculate the remainder when 863289 is divided by 149.
132
Calculate the remainder when 2646213 is divided by 61537.
122
What is the remainder when 50739 is divided by 1155?
1074
Calculate the remainder when 87257 is divided by 5080.
897
What is the remainder when 7427487 is divided by 3713699?
89
Calculate the remainder when 773513 is divided by 237.
182
Calculate the remainder when 303530 is divided by 8925.
80
What is the remainder when 17332 is divided by 4300?
132
What is the remainder when 54002 is divided by 286?
234
Calculate the remainder when 644631 is divided by 20138.
215
Calculate the remainder when 834332 is divided by 278068.
128
What is the remainder when 71588046 is divided by 597?
582
What is the remainder when 3798143 is divided by 288?
287
Calculate the remainder when 1892965 is divided by 56.
53
What is the remainder when 3316 is divided by 2536?
780
What is the remainder when 1017529 is divided by 1560?
409
What is the remainder when 380498 is divided by 542?
14
What is the remainder when 1939458 is divided by 189?
129
What is the remainder when 30470 is divided by 14982?
506
What is the remainder when 54246676 is divided by 251?
54
What is the remainder when 36341137 is divided by 76?
65
Calculate the remainder when 237578 is divided by 4330.
3758
Calculate the remainder when 119386 is divided by 40.
26
What is the remainder when 18572696 is divided by 5997?
5984
What is the remainder when 67140529 is divided by 22380176?
1
What is the remainder when 213760 is divided by 7909?
217
What is the remainder when 21082 is divided by 1032?
442
What is the remainder when 1818886 is divided by 363772?
26
Calculate the remainder when 29719658 is divided by 825546.
2
What is the remainder when 1339188 is divided by 63770?
18
Calculate the remainder when 1329545 is divided by 268.
265
What is the remainder when 331054 is divided by 16519?
674
What is the remainder when 3539 is divided by 1234?
1071
What is the remainder when 4775320 is divided by 51347?
49
What is the remainder when 26995496 is divided by 818045?
11
What is the remainder when 664068 is divided by 221310?
138
Calculate the remainder when 624068 is divided by 265.
258
What is the remainder when 34664738 is divided by 4333091?
10
Calculate the remainder when 288732344 is divided by 9.
5
What is the remainder when 753164 is divided by 152?
4
Calculate the remainder when 185287 is divided by 180055.
5232
What is the remainder when 307862 is divided by 43?
25
What is the remainder when 1488963 is divided by 5885?
58
Calculate the remainder when 134442 is divided by 1169.
7
Calculate the remainder when 533777 is divided by 19769.
14
Calculate the remainder when 594203 is divided by 54014.
49
Calculate the remainder when 78949486 is divided by 16.
14
Calculate the remainder when 19570476 is divided by 203859.
12
What is the remainder when 1828853 is divided by 3763?
35
What is the remainder when 1945126 is divided by 648374?
4
What is the remainder when 915225 is divided by 3145?
30
What is the remainder when 138464 is divided by 19?
11
Calculate the remainder when 434270 is divided by 34.
22
What is the remainder when 563027 is divided by 40216?
3
What is the remainder when 45204 is divided by 21982?
1240
What is the remainder when 13571 is divided by 5170?
3231
Calculate the rema